= 0, 0*x - 4*g + 2 = -3*x. Calculate the remainder when v is divided by 2/x + (-7)/(-3).
0
Let s = 4 + 13. Calculate the remainder when 26 is divided by s.
9
Suppose -3*b = -2*n - 1, 2*b - 4*b = 3*n - 18. Suppose 5*w + 4*z - 56 = 0, -w - 4*z - 8 = -32. Calculate the remainder when w is divided by b.
2
Suppose -3*k - 2*k - 20 = 0. What is the remainder when 38 is divided by (-51)/k + (-2)/(-8)?
12
Let j = 26 + -21. Calculate the remainder when 14 is divided by j.
4
Let h be (156/10)/((-2)/(-10)). Suppose 4*k - h = 2*k. Calculate the remainder when k is divided by (60/9)/(1/3).
19
Let g = 93 - 66. Calculate the remainder when g is divided by 10.
7
Calculate the remainder when 132 is divided by ((-108)/(-10))/(14/10 - 1).
24
Let i = 6 - 3. Suppose i*r = r. Let z = r - -11. Calculate the remainder when 21 is divided by z.
10
Suppose -2*m = -4*m + 30. Calculate the remainder when m is divided by 6.
3
Suppose -z + 3*v - 6*v = -51, 0 = -3*v + 3. Calculate the remainder when 93 is divided by z.
45
Suppose -o + 10 = 3. Suppose -4*f = 0, -5*f - o + 1 = j. Let m(b) = b**3 + 7*b**2 + 4*b + 1. What is the remainder when m(j) is divided by 5?
3
Calculate the remainder when 12 is divided by (1 - (-12)/(-3)) + 8.
2
Let k be (-2)/3*(-9)/1. Suppose 8 = 4*c - k*c, j = c + 45. What is the remainder when j is divided by 11?
8
Suppose -5*y - 9 = 1. What is the remainder when 1/2 + (-49)/(-14) is divided by y/4 - 10/(-4)?
0
Let o(y) = y**3 - 14*y**2 - 12*y - 10. Let h be o(15). Let b = 54 - h. Calculate the remainder when 36 is divided by b.
17
Suppose 0 = -2*d - 11*d + 377. What is the remainder when 172 is divided by d?
27
Let y(a) = -5*a - 20. Calculate the remainder when y(-15) is divided by 8.
7
Let o(v) = v**2 + 4*v + 4. Suppose 0 = 5*s - s + 20. Calculate the remainder when o(s) is divided by 4.
1
Let d = 18 - 7. Let k(o) = -15*o - 24. What is the remainder when k(-3) is divided by d?
10
Suppose 0 = 2*m + 7 - 197. What is the remainder when m is divided by 24?
23
Suppose -8*b + 36 = 4*n - 3*b, -3*n - b + 16 = 0. Suppose -p + 5 = -n. Let y = -62 + 88. Calculate the remainder when y is divided by p.
8
What is the remainder when ((-12)/(-2))/(2/12) is divided by 19?
17
Suppose -1 = -3*z + 5. Calculate the remainder when (-11)/(-2) - (-27)/(-18) is divided by z.
0
Let l(w) = -w**2 - 8*w + 3. Let n = 7 - 13. What is the remainder when l(n) is divided by 8?
7
Suppose 19 = 3*f - 4*j - 38, -2*f - 2*j = -24. What is the remainder when f is divided by 9?
6
What is the remainder when 6*(-3)/(-6) - -46 is divided by 13?
10
Let g be (-1)/((-2)/8) + -2. What is the remainder when (-1)/g - 27/(-6) is divided by 3?
1
Let v(u) = -6*u - u + 6*u. Let l be v(-2). Suppose 7*b - 205 = l*b. Calculate the remainder when b is divided by 14.
13
Suppose 2 - 12 = -3*r - 4*a, -5 = r + 3*a. Let i = 15 + -11. Suppose -i*l + 15 + 1 = 0. Calculate the remainder when r is divided by l.
2
Let s = -9 + 57. Calculate the remainder when s is divided by 10.
8
Suppose 4*k - 5*k + 17 = 0. Let r be (4/(-6))/((-11)/(-330)). Let c = r + 68. What is the remainder when c is divided by k?
14
Suppose -5*x - 4*d + 98 = 0, -3*x + 26 + 22 = -3*d. Calculate the remainder when (1/(-2))/((-4)/272) is divided by x.
16
Suppose -7 = 4*n - 27. Let z be 90/(-12)*(-6)/n. Suppose -5*w - 5*f + 205 = 0, 0 = 2*w - 3*f + z - 71. Calculate the remainder when w is divided by 13.
11
Let q be -6*(3 - 2) - -1. Let b = -3 - q. Calculate the remainder when 5 is divided by b.
1
Let b(k) = k**3 + 4*k**2 - 6*k - 5. Let q = -10 + 22. Suppose 2*f + q = 4. Calculate the remainder when 55 is divided by b(f).
17
Let q(p) = p - 2. Let x be q(7). Suppose -x - 20 = -5*h. Calculate the remainder when 14 is divided by h.
4
Let f(m) = 16*m**2 - m - 4. What is the remainder when f(2) is divided by 30?
28
Suppose -3*g + 175 = 2*g. What is the remainder when g is divided by 20?
15
Suppose 0 = 2*z - 0*z - 36. Calculate the remainder when 105 is divided by z.
15
Let m be 2/3 + 10/(-6). Let g(s) = -23*s**3 - s - 1. Calculate the remainder when g(m) is divided by 13.
10
Let r(t) = t - 1. Let j be r(5). Suppose j*o = 26 + 38. What is the remainder when o is divided by 9?
7
Suppose 0 = 3*c + 91 - 421. Let w = c - 76. Calculate the remainder when w is divided by 12.
10
Suppose 4 = 5*y - i, 3*y = y + 5*i + 20. Suppose -b + 2*b + 153 = 3*u, y = -2*b. What is the remainder when u is divided by 18?
15
Let b = 15 - 9. Calculate the remainder when 62/b - (-4)/6 is divided by 6.
5
Let q(o) = 4*o**3 + o - 2 + 4*o**3 + o**2 - 7*o**3. Calculate the remainder when 45 is divided by q(2).
9
Let h(o) = -o + 11. Let c be h(0). Calculate the remainder when 25 is divided by ((-2)/(-1) + c)/1.
12
Let m(y) be the second derivative of -y**3/6 - 3*y**2/2 + 2*y. What is the remainder when 26 is divided by m(-12)?
8
Let u(r) = -4*r + 17. What is the remainder when u(0) is divided by 7?
3
Let j be 2/(3/((-45)/(-6))). Suppose -j*h + 12 = -58. What is the remainder when 40 is divided by h?
12
Suppose m = 5*f - 125, -3*m = -4*f + 52 + 37. Let n be (0/1)/(1 + 1). Let v(u) = -u**3 + u**2 + 9. What is the remainder when f is divided by v(n)?
8
Let i = -9 - -24. Let f = i + -11. What is the remainder when 7 is divided by f?
3
Let y(o) = -9*o - 9. Let h(s) = -17*s - 17. Let v(c) = 6*h(c) - 11*y(c). Calculate the remainder when 41 is divided by v(-8).
20
Suppose -224 = -4*h + 2*d, -5*h + 281 = -0*d - 2*d. Calculate the remainder when h is divided by 20.
17
Let s(u) = 25*u**2 - u. Calculate the remainder when 102 is divided by s(-1).
24
Let j(m) = m**2 - 6*m + 2. Let c be j(6). Let l = 4 - c. Calculate the remainder when 4 is divided by l.
0
Let v be (-12)/(-20) + 13/(-5). Calculate the remainder when -33*(v/6 - 1) is divided by 15.
14
Let a = 55 - 36. Let h = 91 + -54. What is the remainder when h is divided by a?
18
Let v = 25 - -26. What is the remainder when v is divided by 9?
6
Let f = 7 - 7. Suppose f = -a + 7 - 3. Calculate the remainder when a/6 + (-700)/(-21) is divided by 12.
10
Let q(r) = r**3 + 10*r**2 - 6*r - 39. What is the remainder when q(-9) is divided by 7?
5
Let x(l) = -2*l**3 + 3*l**2 - 2*l + 3. Let p be x(-3). Suppose 0 = 4*v - p - 150. Calculate the remainder when v is divided by 21.
18
Suppose -4*p = -2*p - 4. Suppose -5*f + 170 = 155. What is the remainder when f is divided by p?
1
Suppose 0 = g - 3*g + 2. Let r be (3/(-5))/(g/(-5)). Suppose -b = -r*b + 22. What is the remainder when 20 is divided by b?
9
Let x(h) = 26*h + 11. Let n(v) = -17*v - 7. Let g(a) = -8*n(a) - 5*x(a). Let d be g(-2). What is the remainder when (1 + d/3)*-3 is divided by 3?
2
What is the remainder when ((-31)/5)/((-5)/25) is divided by 8?
7
Suppose -u = -4*u. Suppose 2*w - 2*h = -5*h + 75, w + 3*h - 42 = u. Calculate the remainder when w is divided by 19.
14
Let v = -14 + 28. Suppose p - v = -p. Suppose 0 = -3*c - 5*q + 7, c + 3*q - 3 + 2 = 0. What is the remainder when p is divided by c?
3
Let j = 38 - 23. Let b = 3 + 1. What is the remainder when j is divided by b?
3
Let k = 226 - 95. Let h = k + -85. Calculate the remainder when h is divided by 24.
22
Let d = -391 - -560. Calculate the remainder when d is divided by 43.
40
Let v(h) = h**3 - h**2 - 10*h + 4. Let x be v(4). Let n = -14 + 10. Let z = x + n. What is the remainder when z is divided by 5?
3
Suppose -30 = -2*u + 3*d + 2*d, -u - 2*d = -6. Let x(c) = -c**3 - 7*c**2 - 8*c - 8. Let r = -5 - 1. Calculate the remainder when u is divided by x(r).
2
Suppose -2*q - 3 = -33. Calculate the remainder when q is divided by 8.
7
Let b = -22 - -36. Calculate the remainder when 53 is divided by b.
11
Let k(n) = -6*n**2 + 10*n**2 + 0*n**3 - 5 - 7*n + n**3. What is the remainder when 44 is divided by k(-4)?
21
Let q = 9 - 17. Let j(d) = -3*d - 10. Calculate the remainder when 26 is divided by j(q).
12
Suppose -2*t + 64 = 2*t. Suppose 3*s - 223 = -5*u, -4*u - 3*s + 176 = -0*u. What is the remainder when u is divided by t?
15
Let f(u) = u**3 - u**2 - u + 22. What is the remainder when f(0) is divided by (2 + 2)*(2 + 0)?
6
Let x = 3 - -33. Let d = x - 24. Let u = d - -19. What is the remainder when u is divided by 11?
9
Let d be 1 - 2*52*-1. Let l be 5 + (1 - 1)/(-1). Suppose 3*k - l*n - d = 0, -2*k + 0*n + 70 = -3*n. Calculate the remainder 